et n(f) = -f**3 - f**2 + 4*f. Let z be n(0). Suppose z = -2*x - d + 607, 0*x + x + d = 303. What is the units digit of x?
4
Suppose -3*n - 12*n + 2295 = 0. Let w = n - 95. What is the units digit of w?
8
Suppose 40256 = 4*g + 7*d - 10*d, 4*g = -2*d + 40236. What is the units digit of g?
1
Suppose 0 = 3*d + 5*v - 13970, -v + 10 = -6*v. What is the units digit of d?
0
Let w be 1 - (6 + -4 + -1 + -186). What is the units digit of 93/w*(261 - -1)?
1
What is the tens digit of 11/((-33)/19110)*(-70)/25?
3
Suppose -3*h + 5*m + 24122 = 0, -37 + 17 = 5*m. What is the thousands digit of h?
8
Suppose -5*x - 47614 = -t, -26*x - 190528 = -4*t - 24*x. What is the ten thousands digit of t?
4
Let z be -15 - (6/(-3) - 3). Let p(n) = -n**2 - 6*n + 22. Let c be p(z). What is the tens digit of (-364)/c - 56/252?
2
Suppose -285 - 295 = 5*c. Let x be -2 + -1 + (c - 0). Let j = 189 + x. What is the tens digit of j?
7
Suppose -5099 = -8*a - 16667. Let b = a + 2201. What is the units digit of b?
5
Let g = 3118 - 3503. Let b(a) = -a - 3. Let m be b(-5). What is the tens digit of (m + -1)/(3 - (-1148)/g)?
5
Let h(y) = 2*y + 26. Let q be h(-12). Let m(n) = -6 + 3*n**3 + 5*n**q + 2 - 12*n - 3*n**3 + n**3. What is the units digit of m(-5)?
6
Let g = -109 - -109. Suppose 5*u - 2*p = -g*u + 2075, 4*u + 3*p = 1637. What is the units digit of u?
3
Let j be 2/8*(-1 - -17). Suppose -j*f + 81 + 63 = 0. What is the units digit of f?
6
What is the tens digit of (-98121)/(-21) - 66/154?
7
Let n be (-5)/((-10)/4) - (1 + 2). Let k be ((-5)/10 - 4)*74/n. Suppose 7*v = 269 + k. What is the units digit of v?
6
Let o be 4/14 - 1180/14. Let u = o - -84. Suppose 4*v - 5*w - 124 = 389, v + 5*w - 147 = u. What is the tens digit of v?
3
Suppose 3*w = -y + 3120, -2*w - 4296 = -2*y + 1928. What is the units digit of y?
4
Let c be -2 + (-21)/(-9) - (-1)/(-3). Let a be c + 2 - -14 - (-27)/(-9). Suppose 14*z - a*z = 68. What is the units digit of z?
8
Suppose -3*y - 302 = -317. What is the units digit of (4625/(-50))/(((-10)/4)/y)?
5
Let b = -11892 - -30702. What is the units digit of b?
0
Let i(w) = -w**3 + 29*w**2 + 10*w + 27. Let g be i(29). What is the hundreds digit of g - ((-2)/(-6) + 22/6)?
3
Let x(q) = 7*q**2 - 2*q + 1. Let p be x(1). Let z(k) = 2*k**2 - 2*k - 9. Let h be z(p). Let a = h + -16. What is the tens digit of a?
3
Suppose 2*j - 339996 = -56*j. What is the units digit of j?
2
Let l = 99 + 211. Suppose 0 = -3*s + 7*s + 708. Let b = s + l. What is the tens digit of b?
3
Suppose 0 = 88*o - 57*o - 350752 - 188772. What is the units digit of o?
4
Let q = 115 - 109. Suppose -q*t + 444 = -3*t. What is the tens digit of t?
4
Let u be (0 + -1)/(8/(-16)). Suppose 0 = 4*g + 5*t - 18, 0 = -3*g + 4*t - 2*t + u. Suppose r - 405 = -g*r. What is the hundreds digit of r?
1
What is the thousands digit of 3 + 3466 - ((53 - 49) + 12/(-2))?
3
Let a = -117 + 54. What is the tens digit of (-891)/(-5)*(-210)/a?
9
Let f = 1 - -2. Let h(b) = -9*b + 270. Let k be h(29). Suppose x = -4*c + 568, -4*x + 435 = f*c + k. What is the hundreds digit of c?
1
Suppose -5*g = -3*b - 1225, g - 5*g + 5*b + 980 = 0. Suppose n + 5*w = 4*w + 119, -2*n + 5*w = -g. What is the tens digit of n?
2
Let f(c) = c**3 - 5*c**2 - 8*c + 12. Let z be f(3). What is the units digit of (-12)/z - (-1 - (-6594)/(-15))?
1
What is the tens digit of -2*(6/(-4))/(-1) - -831?
2
Let i = 54085 - -666. What is the ten thousands digit of i?
5
Let c be 60/(-60)*(4*39 - -1). Let d = c + 82. Let g = 142 + d. What is the tens digit of g?
6
Suppose -y - 42 = -2*m, -2*y = 3*m + 3*y - 63. Suppose -2556 = -30*j + m*j. What is the units digit of j?
4
Suppose -20*b - 27*b = 46*b - 925536. What is the hundreds digit of b?
9
Suppose 181*v - 328*v - 673884 = -165*v. What is the ten thousands digit of v?
3
Suppose 4*t = 67762 + 6830. Suppose 36*p - t = 23256. What is the units digit of p?
4
Suppose 5*m = -45 + 335. Suppose 50*r = m*r - 11600. What is the thousands digit of r?
1
Let q = -47631 + 121747. What is the ten thousands digit of q?
7
Suppose 3*u = 6*u + 3270. Let t be u/(-6) + (-10)/15. Suppose -m - t = -2*n, 2*m = -5*n - m + 458. What is the units digit of n?
1
What is the units digit of ((2 - -455)/(-1))/((-1)/22)?
4
Let v be (4044/(-14))/3 + 34/119. Let x = -2 - v. What is the units digit of x?
4
Suppose -136*u = 2*c - 140*u - 78254, 2*c = 2*u + 78244. What is the hundreds digit of c?
1
Let t(y) = 651*y - 524. What is the ten thousands digit of t(45)?
2
Let j be 176815/30 + (-9)/(-54). Suppose 21*v - j = 1078. What is the units digit of v?
2
Suppose -3*g = -4*x + 806, -802 = -4*x - 7*g + 8*g. Suppose -45*k = -37*k - x. What is the tens digit of k?
2
Let l(m) = 47*m**2 - 6*m - 7. Let i(f) = -140*f**2 + 16*f + 20. Let b(c) = -6*i(c) - 17*l(c). What is the units digit of b(-1)?
4
What is the tens digit of 14/(-2) - (8 + -5860)?
4
Let l = -863 + 2504. What is the tens digit of l?
4
What is the units digit of 13334 + (-5 - (0 - (-36)/(-9)))?
3
Suppose -16*s + 2454 = -39066. Suppose -s = -18*x - 183. What is the tens digit of x?
3
What is the thousands digit of (-185)/1110 + (-246445)/(-6)?
1
Let w(n) = n**3 - 46*n**2 - 84*n + 45. What is the tens digit of w(55)?
5
Suppose 3*z + p - 237 = 98, 0 = -5*z - p + 561. Let r = z + 19. What is the units digit of r?
2
What is the hundreds digit of (-12)/((-9878820)/(-411621) + -24)?
8
Suppose 13*f - 29*f = -48. Suppose 492 = d - 0*h - 4*h, 0 = 2*d + f*h - 951. What is the hundreds digit of d?
4
Suppose 177 = -o - 18*m + 14*m, -354 = 2*o + 4*m. Let d(b) = 6*b**2 - 10*b - 13. Let f be d(9). Let y = f + o. What is the units digit of y?
6
Let o(s) = -3*s + 9 - 241*s**2 + 240*s**2 - 10 - 22*s**3. What is the hundreds digit of o(-2)?
1
Let k be (-4)/((-98)/34 + 3). Let x(g) = -g**3 - 32*g**2 + 54*g + 99. What is the units digit of x(k)?
5
Let b(l) = -6*l**3 - 133*l**2 + 18*l + 3. What is the units digit of b(-23)?
4
Let v(u) = -9*u**3 + 3*u**2 - 2*u - 1. Let s(a) = a**3 - a**2 + 2*a + 1. Let k be s(0). Suppose d - k + 3 = 0. What is the tens digit of v(d)?
8
Let l be -682 + (-99)/(-15) + 24/(-40). Let w = -360 - l. What is the hundreds digit of w?
3
Let x(k) = k**2 - 2*k - 5. Let s be x(4). Let c(j) = j**2 - 24*j + 80. Let g be c(4). Suppose -2*q + f + 63 + 63 = 0, -s*f = g. What is the units digit of q?
3
Suppose -5*y = -0*y + 150. Let x = y - -97. Suppose -2*z + x = -111. What is the tens digit of z?
8
Suppose -12*p = -8*p - 4*n - 67700, -2*p + 3*n + 33845 = 0. What is the thousands digit of p?
6
Let p = -22 - -20. Let z(d) = -195*d - 5. Let s be z(p). Suppose -5*b + 4*i = -s, -5*b - 3*i - i = -385. What is the tens digit of b?
7
Let k be (-408)/(-69) - (-22)/253. What is the tens digit of (k - 0)/((-822)/(-810) - 1)?
0
Suppose 0 = -q + 1170 + 1109. Suppose 3*u + 13*z - 11*z - q = 0, -3790 = -5*u + 5*z. What is the hundreds digit of u?
7
What is the hundreds digit of ((-5720)/(-24) - -13)*90?
6
Suppose 234 + 270 = c. Suppose 0*n - 718 = -3*n + 2*v, -5*v = 2*n - c. What is the tens digit of n?
4
Let b(s) = -s**3 + 37*s**2 - 89*s + 670. What is the thousands digit of b(25)?
5
Let z = -3693 - -3693. Let d = 7 - 3. Suppose -y + z*n + 231 = 4*n, -1155 = -5*y - d*n. What is the units digit of y?
1
What is the thousands digit of (3/(-4) + (-1004625)/(-60))*8/12?
1
Let l = -1246 + 2311. What is the hundreds digit of l?
0
Let p(h) = 12*h**3 - 4*h**2 - 2*h + 13. Let u be p(4). Suppose 3*w = 15, -3*w - u = -3*v + 29. What is the hundreds digit of v?
2
Let r be (7/(-3) + 1)/((-10)/135). Let s(l) = 3 - r*l + 47*l - 2 + 45*l. What is the units digit of s(1)?
5
Suppose -v = x - 24508 - 9388, -x = -5*v + 169516. What is the ten thousands digit of v?
3
Let x(n) be the second derivative of n**4/12 - n**3/6 - 2*n**2 - 4*n. Let d be x(6). Suppose d = y + 7. What is the units digit of y?
9
Let n(c) = -354*c**3 + 4*c**2 - 2*c - 1. Let t = -556 + 555. What is the tens digit of n(t)?
5
Let x(i) be the first derivative of 6*i**3 + 3*i**2/2 + 11. Let c be x(-1). Let p = c - -58. What is the tens digit of p?
7
Let d = 42 + -39. Suppose 0 = -d*t - 19 + 4. What is the tens digit of t/2*44/(-4)*2?
5
Let p be (276/(-15)*-3)/((-14)/175). Let z = -305 - p. What is the hundreds digit of z?
3
Suppose -2*l + 14*l - 59*l = -486544. What is the ten thou